{"id":1259,"date":"2025-08-26T20:35:25","date_gmt":"2025-08-26T23:35:25","guid":{"rendered":"https:\/\/isfd81-bue.infd.edu.ar\/sitio\/?page_id=1259"},"modified":"2025-08-26T20:35:28","modified_gmt":"2025-08-26T23:35:28","slug":"finales","status":"publish","type":"page","link":"https:\/\/isfd81-bue.infd.edu.ar\/sitio\/finales\/","title":{"rendered":"Finales"},"content":{"rendered":"\n<h2 class=\"wp-block-heading\"><strong>Informaci\u00f3n sobre finales:<\/strong><\/h2>\n\n\n\n<p><strong>Inscripci\u00f3n a finales:<\/strong>&nbsp;Los alumnos deber\u00e1n inscribirse para las acreditaciones finales de&nbsp;<strong>TODAS<\/strong>&nbsp;las Unidades Curriculares. Esto incluye:<\/p>\n\n\n\n<ul>\n<li>Materias promocionales;<\/li>\n\n\n\n<li>Materias que deban rendir examen final;<\/li>\n\n\n\n<li>Campo de la pr\u00e1ctica;<\/li>\n\n\n\n<li>Ateneos \/ Talleres;<\/li>\n\n\n\n<li>Espacios de Definici\u00f3n Institucional (EDI) \/ Trayectos Formativos Opcionales (TFO)<\/li>\n<\/ul>\n\n\n\n<p><strong>Alumno Libre:<\/strong><\/p>\n\n\n\n<ul>\n<li>El alumno a principio de a\u00f1o deber\u00e1 registrar las materias que rendir\u00e1 como libre;<\/li>\n\n\n\n<li>Podr\u00e1 dar el final de la materia elegida en los llamados: noviembre \/diciembre correspondientes al ciclo lectivo en el que se anot\u00f3 y febrero\/marzo del a\u00f1o siguiente.<\/li>\n<\/ul>\n\n\n\n<p><strong>Turnos de Examen:<\/strong><\/p>\n\n\n\n<ul>\n<li>La Instituci\u00f3n organizar\u00e1 los turnos de ex\u00e1menes finales, en los siguientes meses: febrero\/marzo, mayo, julio\/agosto y noviembre\/diciembre.<\/li>\n\n\n\n<li>Dentro de estos turnos se establecer\u00e1 un m\u00ednimo de cinco llamados anuales.<\/li>\n<\/ul>\n","protected":false},"excerpt":{"rendered":"<p>Informaci\u00f3n sobre finales: Inscripci\u00f3n a finales:&nbsp;Los alumnos deber\u00e1n inscribirse para las acreditaciones finales de&nbsp;TODAS&nbsp;las Unidades Curriculares. Esto incluye: Alumno Libre: Turnos de Examen:<\/p>\n","protected":false},"author":1708,"featured_media":0,"parent":0,"menu_order":0,"comment_status":"closed","ping_status":"closed","template":"","meta":[],"acf":[],"_links":{"self":[{"href":"https:\/\/isfd81-bue.infd.edu.ar\/sitio\/wp-json\/wp\/v2\/pages\/1259"}],"collection":[{"href":"https:\/\/isfd81-bue.infd.edu.ar\/sitio\/wp-json\/wp\/v2\/pages"}],"about":[{"href":"https:\/\/isfd81-bue.infd.edu.ar\/sitio\/wp-json\/wp\/v2\/types\/page"}],"author":[{"embeddable":true,"href":"https:\/\/isfd81-bue.infd.edu.ar\/sitio\/wp-json\/wp\/v2\/users\/1708"}],"replies":[{"embeddable":true,"href":"https:\/\/isfd81-bue.infd.edu.ar\/sitio\/wp-json\/wp\/v2\/comments?post=1259"}],"version-history":[{"count":1,"href":"https:\/\/isfd81-bue.infd.edu.ar\/sitio\/wp-json\/wp\/v2\/pages\/1259\/revisions"}],"predecessor-version":[{"id":1260,"href":"https:\/\/isfd81-bue.infd.edu.ar\/sitio\/wp-json\/wp\/v2\/pages\/1259\/revisions\/1260"}],"wp:attachment":[{"href":"https:\/\/isfd81-bue.infd.edu.ar\/sitio\/wp-json\/wp\/v2\/media?parent=1259"}],"curies":[{"name":"wp","href":"https:\/\/api.w.org\/{rel}","templated":true}]}}