{"id":1201,"date":"2025-08-26T15:27:24","date_gmt":"2025-08-26T18:27:24","guid":{"rendered":"https:\/\/isfd81-bue.infd.edu.ar\/sitio\/?page_id=1201"},"modified":"2025-08-26T15:27:26","modified_gmt":"2025-08-26T18:27:26","slug":"nuestra-historia","status":"publish","type":"page","link":"https:\/\/isfd81-bue.infd.edu.ar\/sitio\/nuestra-historia\/","title":{"rendered":"Nuestra Historia"},"content":{"rendered":"\n<h2 class=\"wp-block-heading\"><strong>Nuestra Historia<\/strong><\/h2>\n\n\n\n<p class=\"has-medium-font-size\">El ISFDyT N\u00ba 81 se crea el 8 de julio de 1986. Hace 37 a\u00f1os que formamos Profesionales Especialistas en Educaci\u00f3n en la ciudad de Miramar y Comandante Nicanor Otamendi.<\/p>\n\n\n\n<p class=\"has-medium-font-size\">Nuestros egresados trabajan en los distintos niveles del Sistema Educativo Provincial y Nacional, y se capacitan en nuestro instituto a trav\u00e9s del Programa de Posgrado a partir del a\u00f1o 2014.<\/p>\n\n\n\n<p class=\"has-medium-font-size\">Nos sentimos orgullosos de formar profesionales cr\u00ed\u00adticos, participativos y altamente calificados. Esta es una enorme responsabilidad que convoca a todos los actores institucionales y nos compromete social y moralmente.<\/p>\n\n\n\n<p class=\"has-medium-font-size\">En cada colaci\u00f3n de grado vivimos la culminaci\u00f3n de la tarea cumplida, acompa\u00f1ando a cada uno de nuestros egresados en su trayectoria por la Instituci\u00f3n y asoci\u00e1ndonos a su desaf\u00edo personal.<\/p>\n","protected":false},"excerpt":{"rendered":"<p>Nuestra Historia El ISFDyT N\u00ba 81 se crea el 8 de julio de 1986. Hace 37 a\u00f1os que formamos Profesionales Especialistas en Educaci\u00f3n en la ciudad de Miramar y Comandante Nicanor Otamendi. Nuestros egresados trabajan en los distintos niveles del Sistema Educativo Provincial y Nacional, y se capacitan en nuestro instituto a trav\u00e9s del Programa &#8230; <a title=\"Nuestra Historia\" class=\"read-more\" href=\"https:\/\/isfd81-bue.infd.edu.ar\/sitio\/nuestra-historia\/\" aria-label=\"More on Nuestra Historia\">[+]<\/a><\/p>\n","protected":false},"author":1708,"featured_media":0,"parent":0,"menu_order":0,"comment_status":"closed","ping_status":"closed","template":"","meta":[],"acf":[],"_links":{"self":[{"href":"https:\/\/isfd81-bue.infd.edu.ar\/sitio\/wp-json\/wp\/v2\/pages\/1201"}],"collection":[{"href":"https:\/\/isfd81-bue.infd.edu.ar\/sitio\/wp-json\/wp\/v2\/pages"}],"about":[{"href":"https:\/\/isfd81-bue.infd.edu.ar\/sitio\/wp-json\/wp\/v2\/types\/page"}],"author":[{"embeddable":true,"href":"https:\/\/isfd81-bue.infd.edu.ar\/sitio\/wp-json\/wp\/v2\/users\/1708"}],"replies":[{"embeddable":true,"href":"https:\/\/isfd81-bue.infd.edu.ar\/sitio\/wp-json\/wp\/v2\/comments?post=1201"}],"version-history":[{"count":1,"href":"https:\/\/isfd81-bue.infd.edu.ar\/sitio\/wp-json\/wp\/v2\/pages\/1201\/revisions"}],"predecessor-version":[{"id":1202,"href":"https:\/\/isfd81-bue.infd.edu.ar\/sitio\/wp-json\/wp\/v2\/pages\/1201\/revisions\/1202"}],"wp:attachment":[{"href":"https:\/\/isfd81-bue.infd.edu.ar\/sitio\/wp-json\/wp\/v2\/media?parent=1201"}],"curies":[{"name":"wp","href":"https:\/\/api.w.org\/{rel}","templated":true}]}}